se 7) in base 12?
b5a4
What is -21406 (base 9) in base 5?
-423211
-211e (base 15) to base 6
-52232
What is 2093 (base 11) in base 15?
c44
14247 (base 8) to base 3
22122202
What is 4a6a (base 11) in base 16?
19d2
Convert 133021 (base 4) to base 5.
30433
1040 (base 8) to base 7
1405
-212100020 (base 3) to base 7
-100416
301 (base 7) to base 11
125
What is 5413 (base 6) in base 12?
869
What is 12c8 (base 13) in base 3?
10200222
Convert 1004 (base 5) to base 7.
243
Convert 3454 (base 7) to base 12.
894
What is -6378 (base 9) in base 10?
-4688
Convert -1210301 (base 4) to base 2.
-1100100110001
What is -21121 (base 4) in base 8?
-1131
-14ca3 (base 13) to base 7
-223122
-3840 (base 11) to base 14
-1b77
-1444144 (base 5) to base 13
-11260
100001001011 (base 2) to base 14
ab9
What is -1cb (base 16) in base 12?
-323
8141 (base 10) to base 12
4865
Convert a885 (base 13) to base 7.
125212
What is 20100102 (base 3) in base 12?
2818
Convert 2121 (base 4) to base 7.
306
Convert 3502 (base 7) to base 8.
2374
What is -2342 (base 15) in base 16?
-1d3f
Convert 530 (base 13) to base 11.
734
Convert 12326 (base 10) to base 9.
17815
What is -120651 (base 7) in base 11?
-15535
Convert -112121000 (base 3) to base 13.
-4ac4
What is 169 (base 15) in base 14?
192
Convert 100212202 (base 3) to base 4.
1300202
Convert -308 (base 13) to base 6.
-2215
What is 2560 (base 7) in base 15?
44d
330320 (base 5) to base 6
124251
52753 (base 8) to base 16
55eb
Convert 110111111100100 (base 2) to base 12.
146b0
199 (base 15) to base 7
1035
What is 1946 (base 11) in base 7?
10126
What is cca (base 13) in base 6?
14054
What is 4b43 (base 12) in base 3?
102201120
50411 (base 7) to base 5
342314
What is 19a9 (base 16) in base 14?
2573
330003 (base 4) to base 7
14130
What is 2036 (base 9) in base 16?
5d3
What is 15454 (base 6) in base 15?
b54
What is 165356 (base 7) in base 10?
33116
What is 211202 (base 4) in base 16?
962
Convert -66682 (base 9) to base 10.
-44300
Convert -26001 (base 7) to base 5.
-204421
-5065 (base 9) to base 14
-14c8
-a94a (base 12) to base 5
-1044014
Convert -1277 (base 10) to base 12.
-8a5
Convert 3123 (base 4) to base 9.
263
20020 (base 4) to base 15
24a
Convert 2302 (base 6) to base 3.
202002
What is -2324 (base 5) in base 10?
-339
Convert -1185 (base 14) to base 3.
-11012020
What is 421230 (base 6) in base 7?
201063
What is -2324 (base 6) in base 10?
-556
What is 308 (base 12) in base 14?
236
1684 (base 9) to base 8
2413
Convert -2523 (base 9) to base 7.
-5331
-7d (base 16) to base 10
-125
2163 (base 9) to base 10
1596
What is -14069 (base 10) in base 7?
-56006
Convert 6e8a (base 16) to base 11.
1a296
193 (base 13) to base 4
10201
-67bc (base 13) to base 7
-60222
Convert -382 (base 11) to base 2.
-111000101
Convert -718 (base 9) to base 12.
-408
-d10 (base 15) to base 6
-21340
4a (base 11) to base 3
2000
What is -21c26 (base 13) in base 3?
-10010012022
686 (base 16) to base 14
874
-1320 (base 6) to base 16
-150
What is -77 (base 9) in base 4?
-1012
Convert -7807 (base 15) to base 9.
-37787
6400 (base 8) to base 15
ebd
-66ab (base 12) to base 9
-16525
10101010000111 (base 2) to base 16
2a87
Convert 254 (base 6) to base 4.
1222
What is 224 (base 13) in base 2?
101110000
What is -201102 (base 3) in base 15?
-24e
Convert 5ac7 (base 15) to base 9.
28437
Convert -f9cb (base 16) to base 12.
-3100b
22220222 (base 3) to base 2
1100101101010
Convert -123541 (base 7) to base 3.
-1011102121
What is 110011011 (base 2) in base 4?
12123
Convert -646 (base 10) to base 11.
-538
-134077 (base 9) to base 4
-103330312
What is 25135 (base 6) in base 16?
e93
Convert 920 (base 13) to base 3.
2010022
Convert -230121 (base 6) to base 10.
-19489
Convert 13423 (base 5) to base 16.
459
c46 (base 15) to base 11
2095
Convert 31c (base 13) to base 2.
1000010100
-1302 (base 5) to base 6
-534
Convert -545 (base 9) to base 11.
-376
What is 432302 (base 5) in base 11?
10056
Convert 14 (base 8) to base 6.
20
51b2 (base 15) to base 12
9bab
2644 (base 7) to base 14
524
Convert -4023 (base 5) to base 15.
-243
Convert 130113 (base 5) to base 7.
20450
Convert -429 (base 15) to base 12.
-663
72750 (base 8) to base 10
30184
What is 506 (base 13) in base 11?
704
Convert -774 (base 11) to base 16.
-3a0
Convert 12212 (base 6) to base 10.
1808
-54b (base 12) to base 14
-3d9
Convert -114225 (base 7) to base 4.
-11003121
Convert -40683 (base 9) to base 5.
-1324210
10012201 (base 3) to base 4
210211
What is -745 (base 13) in base 12?
-874
What is 10100011100 (base 2) in base 12?
910
Convert 55a (base 14) to base 8.
2044
21014 (base 5) to base 14
70c
Convert -11210211 (base 3) to base 6.
-24121
What is -77059 (base 10) in base 3?
-10220201001
Convert -2231 (base 4) to base 2.
-10101101
-1252 (base 11) to base 4
-121132
What is 22267 (base 8) in base 4?
2102313
-5868 (base 10) to base 9
-8040
Convert -1800 (base 13) to base 10.
-3549
14334 (base 5) to base 10
1219
2472 (base 15) to base 10
7757
Convert -b218 (base 15) to base 14.
-d9b8
What is -4a90 (base 13) in base 9?
-15472
Convert -448 (base 10) to base 12.
-314
Convert -1195 (base 15) to base 9.
-5115
What is -220012001 (base 3) in base 2?
-100010011100000
What is -24413 (base 6) in base 12?
-2109
-4327 (base 9) to base 11
-2435
Convert 7592 (base 11) to base 7.
41136
8ed (base 16) to base 14
b93
What is -401 (base 9) in base 3?
-110001
-3440 (base 5) to base 8
-757
427 (base 11) to base 4
20001
13111 (base 9) to base 12
5147
Convert 32315 (base 8) to base 7.
54260
What is -10131 (base 5) in base 8?
-1232
-13227 (base 8) to base 4
-1122113
What is -11430 (base 8) in base 14?
-1ad2
Convert 18b (base 13) to base 7.
554
What is -1c59 (base 15) in base 2?
-1100000001111
What is 16b7 (base 13) in base 6?
23321
Convert -34231 (base 6) to base 12.
-2977
-3b3 (base 13) to base 3
-220012
Convert 43222 (base 6) to base 8.
13436
What is -22332 (base 5) in base 4?
-120320
What is -13504 (base 11) in base 9?
-28351
What is -6c87 (base 13) in base 5?
-442241
What is -21 (base 14) in base 8?
-35
120110 (base 5) to base 9
6034
-34445 (base 6) to base 14
-1b1b
What is 2201033 (base 4) in base 11?
7831
Convert -5b8 (base 14) to base 12.
-7b2
What is -3032032 (base 5) in base 12?
-24449
23231 (base 4) to base 3
1000202
What is -222 (base 7) in base 12?
-96
-10001011010 (base 2) to base 10
-1114
Convert -26740 (base 10) to base 16.
-6874
What is -4e2 (base 15) in base 2?
-10001011000
Convert 20077 (base 8) to base 16.
203f
Convert -840 (base 13) to base 5.
-21104
-137 (base 14) to base 12
-185
Convert -100010101000011 (base 2) to base 12.
-a317
What is 155 (base 13) in base 12?
17b
What is -721c (base 16) in base 7?
-151111
What is -119ae (base 15) in base 3?
-2212002002
Convert -235046 (base 7) to base 6.
-525022
What is -26b (base 12) in base 9?
-452
Convert 37b9 (base 16) to base 7.
56406
10122 (base 5) to base 16
296
1867 (base 10) to base 12
10b7
What is 2302 (base 8) in base 12?
856
Convert -5201 (base 11) to base 10.
-6898
What is -b955 (base 16) in base 8?
-134525
Convert -20306 (base 7) to base 14.
-1b3d
What is 34718 (base 12) in base 6?
1300432
Convert -10001111011 (base 2) to base 7.
-3226
What is 522 (base 6) in base 4?
3002
What is -244a (base 11) in base 16?
-c80
-688 (base 14) to base 13
-789
What is -2061 (base 12) in base 16?
-dc9
What is 1279 (base 12) in base 3?
2220010
What is -1110111001010 (base 2) in base 5?
-221001
-1248 (base 10) to base 8
-2340
Convert 1111110001101 (base 2) to base 3.
102002011
Convert 6b8 (base 13) to base 15.
52a
Convert -96 (base 12) to base 9.
-136
787 (base 9) to base 7
1612
-4e3 (base 16) to base 14
-655
What is 2322 (base 8) in base 11?
a22
Convert b54 (base 12) to base 16.
670
Convert 8736 (base 14) to base 9.
35048
What is 5a3c (base 16) in base 2?
101101000111100
-1571 (base 11) to base 2
-11111011110
Convert -1111001001000 (base 2) to base 6.
-55520
Convert 25d0 (base 14) to base 9.
10108
Convert -2003 (base 8) to base 14.
-535
What is 38c (base 16) in base 4?
32030
-1b340 (base 12) to base 2
-1001110100100000
Convert 40b (base 12) to base 13.
362
Convert -11c0 (base 13) to base 15.
-b32
What is -232032 (base 4) in base 5?
-43313
Convert -101010001000 (base 2) to base 12.
-1688
a3 (base 14) to base 11
120
Convert 121